Calculate the remainder when k(2) is divided by 1/(-2) + 3 - 483/(-14).
35
Suppose 4*m = -4*r + 248, -m + 74 = r + 3*m. Calculate the remainder when 4581 is divided by r.
57
Let q = -333 + 363. Suppose 6*c - 587 = 973. What is the remainder when c/3 + 13/39 is divided by q?
27
Let l = 230 + -162. Let t = -9177 + 9308. What is the remainder when t is divided by l?
63
Calculate the remainder when (27372/(-68))/((-7)/119) is divided by 236.
235
Suppose -r + 5 = -5*c, -5*r = -c - 3*c - 46. Let p = 0 + 12. Calculate the remainder when 255/r*2*(-1)/(-3) is divided by p.
5
Let b = -489 + 492. Suppose -30 = -3*v + v + 4*r, -r = -2. Calculate the remainder when b - 11/4 - 417/(-12) is divided by v.
16
Let k = -70 - -115. Let t be -754*(-3)/27 + 18/81. Let v = t + 93. Calculate the remainder when v is divided by k.
42
Let h = -2058 - -2323. What is the remainder when h is divided by 46?
35
Suppose 7062 - 6530 = 28*n. Calculate the remainder when 97 is divided by n.
2
Suppose -5*f + 184 = 2*q, 4*f + 5*q - 74 = 63. Let a(y) = y**2 - 3*y + 2. What is the remainder when f is divided by a(-3)?
18
Let s = 794 + -771. Let b(z) = 4*z**2 + z - 3. What is the remainder when s is divided by b(2)?
8
Suppose -5*q - 51 - 2 = -2*a, 5*a - 185 = 2*q. Calculate the remainder when 2532 is divided by a.
36
Suppose 5 + 9 = 2*j. Suppose -3*t - 116 = -j*t. What is the remainder when 85 + 1 + (-7 - -6) is divided by t?
27
Suppose 13*n + 11*n = 4368. Suppose 76 = 3*t - 2*q + 3, -t + 31 = -2*q. Let p = 16 + t. Calculate the remainder when n is divided by p.
34
Suppose -d + 804 = -47. Suppose 191 - d = -20*q. What is the remainder when q is divided by 33?
0
Let l be (18/2 + -8)*(0 - -49). Suppose -3*g + 3*t = -0*t - 75, l = 2*g - 3*t. What is the remainder when g is divided by 14?
12
Let g(j) = 8*j. Let z be g(1). Let w(k) = 8*k - 165. Let f be w(21). Suppose 3*a - z = -2, -2*d - f*a + 22 = 0. Calculate the remainder when 19 is divided by d.
3
Suppose -6*w = -5*w - 2. Suppose -w*k = -q + k + 21, 141 = 5*q - 3*k. Let c = -507 + 617. Calculate the remainder when c is divided by q.
20
Calculate the remainder when 452 is divided by (33/11 + 61)/((-3)/(-6)).
68
Let i(t) = 8*t - 44. Let l = 21 + -23. What is the remainder when i(6) is divided by (48/60)/(l/(-5))?
0
Suppose 1188 = -5*j + 27*j. Let y = -27 + j. What is the remainder when 68 is divided by y?
14
Calculate the remainder when -41 + 43 + 1561 + 0 is divided by 17.
16
Let r(l) = 2*l**3 - 19*l**2 + 36*l - 517. What is the remainder when r(16) is divided by 79?
69
Calculate the remainder when 127 + -4 + (-1 - -11) is divided by 92.
41
Let w(d) = 3*d**2 + 192*d + 26. Suppose -t + 103 = -0*t. Calculate the remainder when t is divided by w(-64).
25
Let u(j) = j**2 + 11*j + 21. Let c be u(-9). Suppose 0 = -c*a + 4 + 32. Let o = -71 - -116. Calculate the remainder when o is divided by a.
9
Let f(o) = -4*o**2 - 20*o - 39. Let i(q) = -3*q**2 - 23*q - 38. Let x(l) = -5*f(l) + 6*i(l). Calculate the remainder when 456 is divided by x(21).
48
Let m(z) = -397*z - 8316. Calculate the remainder when 2577 is divided by m(-21).
15
Suppose -5*u - 20 = 3*o, 0 = -o + 9*u - 4*u + 20. Suppose 8 = 3*q - 40. What is the remainder when ((-1 - -2) + o)*91 is divided by q?
11
What is the remainder when 102 is divided by (-4)/(-14) - (-8 - 4680/84)?
38
Suppose -70 = -35*c + 30*c. Let l(s) = 3*s**2 + 11*s - 4. Let v be l(-5). Suppose -v*o = -c*o - 30. What is the remainder when 29 is divided by o?
14
Suppose 4*u - 5*h = 730 + 1027, 0 = -5*h - 25. What is the remainder when 1316 is divided by u?
17
Let a = 301 - 305. What is the remainder when ((-70)/a)/(3/18) is divided by 20?
5
Let b(x) = x**3 - 12*x**2 - 68*x + 72. What is the remainder when 667 is divided by b(16)?
3
Let d(g) = -28*g + 3486. Calculate the remainder when d(-10) is divided by 1877.
12
Suppose 5*r - 4*j = -5, 4*r - j - 4*j + 4 = 0. What is the remainder when 42 is divided by ((-10)/5 - -7) + r?
2
Suppose -729 = 207*v - 216*v. Calculate the remainder when v is divided by 50.
31
Suppose -3*s + 8053 + 1674 = 5*n, n - 3*s - 1967 = 0. Calculate the remainder when n is divided by 46.
17
Let o = 1990 + -1984. Let z(l) = -39*l - 2. What is the remainder when z(-4) is divided by 0/(-5) + 30 - (10 - o)?
24
Let y(j) = -993*j - 8900. What is the remainder when 41 is divided by y(-9)?
4
Suppose -f + 2 = 0, -9 = -4*z - 2*f + 19. Calculate the remainder when 78/4 - (-1)/2 is divided by 4/z*27/2.
2
Let a be 15*3*(-6)/(-30). Let g(k) = -k**3 + 8*k**2 + 12*k - 14. Let c = -67 - -117. What is the remainder when c is divided by g(a)?
11
Let c(y) = 356*y + 2171. Suppose 4*r = 2*q - 20 + 4, 3*q + 4*r = 4. Calculate the remainder when c(-6) is divided by q.
3
Let t(q) = 1396*q - 13945. What is the remainder when t(14) is divided by 295?
289
Calculate the remainder when 36 is divided by (-2 + 1)*(-1 - (25 - 3)).
13
Suppose 96*y = 1556 + 2092. What is the remainder when 1404 is divided by y?
36
Suppose -5*g + 604 = -m, -3*g + 129 = 4*m - 215. What is the remainder when 2636 is divided by g?
116
Suppose 0*o + 4*o = -8, 2*b = -3*o + 2. Suppose -3*d - b*j = -21, 3*j + 43 = 5*d + 8. Calculate the remainder when 9 is divided by d.
2
Let w = -10721 + 12386. Calculate the remainder when w is divided by 112.
97
Let z = -136 + 4. Let w = 281 + z. Let k(s) = 31*s**2 - 3*s + 2. Calculate the remainder when w is divided by k(1).
29
Let a = 368 + -180. What is the remainder when ((-3960)/(-462))/(4/14) is divided by (-2)/(-6) - a/(-12)?
14
Let o = 272 - 262. Let p(m) = -12*m**2 + m + 3*m + 2*m**2 + 7 + m**3. Calculate the remainder when 185 is divided by p(o).
44
Suppose 403 + 117 = 20*u. Suppose 4*m - u*m + 1848 = 0. Calculate the remainder when m is divided by 29.
26
Let r = -7665 + 7943. What is the remainder when r is divided by 38?
12
Suppose 3*b + 3*g = 3213, 6 = 72*g - 66*g. Calculate the remainder when b is divided by 1054.
16
Let j = 110 - 116. Let t be (((-45)/j)/(-3))/(4/(-8)). Suppose t*n = 5*x - 40, -x + 5*n - 26 = -2*x. Calculate the remainder when 21 is divided by x.
10
Calculate the remainder when 1708*2 + (-12692)/(-1837) + (-1)/(-11) is divided by 16.
15
Let y be 12560/(-520) - 3/((-78)/4). Calculate the remainder when 51 is divided by ((-16)/3)/(-1)*(y + 30).
19
Let d(q) = -14*q + 71 + 6*q - 41 + 46. Calculate the remainder when d(-16) is divided by 26.
22
Let u(g) = -2*g + 26. Let r be u(-15). Suppose -3*i = 2*p - 74, -4*i + r = -3*p - 54. Let w = 143 + -68. What is the remainder when w is divided by i?
23
Let l(t) = 4*t**2 + 8*t + 268. What is the remainder when l(17) is divided by 14?
6
Let b(a) = a**2 + a - 25. Let p be b(-6). Suppose -169 = -p*j + 3*s + 55, -s - 89 = -2*j. What is the remainder when j is divided by 11?
10
Let a = -17 - -32. Suppose -45 + a = -10*p. Suppose -p*o = -3*i - 57, 3*i + 17 = o + i. What is the remainder when o is divided by 11?
10
Let y(j) = -j**3 + 4*j**2 + 15*j - 1. What is the remainder when 35 is divided by y(6)?
1
Suppose -58*s + 49*s - 990 = 0. Let c = 11 - s. Calculate the remainder when c is divided by 41.
39
Suppose -30*x + 2008 = 1168. Calculate the remainder when x is divided by (-4)/(-14) - 372/(-21).
10
Suppose 27*w - 168090 - 258885 = 2*w. What is the remainder when w is divided by 26?
23
Suppose 20*k - 80 = 80. Let q(l) = 0*l**2 + 8*l - 4*l + 0*l + l**2 + 6. Calculate the remainder when k is divided by q(-4).
2
Let g(f) = f**3 + 23*f**2 - 26*f - 36. Let u be g(-24). Suppose -u*v + 80 = -10*v. Let j = v - 5. Calculate the remainder when j is divided by 18.
17
Suppose -q = -4*j - 34, -31*j + 32*j = -q + 14. What is the remainder when (-4)/10 + 147/5 is divided by q?
11
Suppose -k + 1 = 0, 2*b - 272*k + 277*k = 23. Calculate the remainder when 967 is divided by b.
4
Let n(s) = s - 108. Let c be n(-6). Let m = 158 + c. Calculate the remainder when 213 is divided by m.
37
Let q = -114 - -116. Suppose 5*l + 0*l - q = 3*f, 0 = 2*f + 5*l - 32. What is the remainder when 40 is divided by f?
4
Calculate the remainder when 19 + 39550/98 - 4/7 is divided by 85.
82
Let g be (197/6 - -10) + 2/12. Suppose 112*q = 113*q - g. Calculate the remainder when 121 is divided by q.
35
Let s = 298 - 420. Let l = -45 - s. What is the remainder when 691 is divided by l?
75
Let g(f) =